est common factor of 2555 and 292.
73
Calculate the greatest common factor of 10 and 12590.
10
Calculate the greatest common divisor of 112 and 140.
28
Calculate the greatest common factor of 4698 and 29.
29
Calculate the highest common divisor of 44 and 902.
22
Calculate the greatest common factor of 102 and 11118.
102
What is the greatest common factor of 20989 and 139?
139
Calculate the highest common divisor of 656 and 1107.
41
What is the greatest common factor of 100 and 425?
25
What is the greatest common factor of 121 and 22?
11
What is the greatest common factor of 1085 and 186?
31
What is the highest common factor of 12 and 1038?
6
What is the highest common factor of 1148 and 91?
7
What is the greatest common divisor of 198 and 44?
22
Calculate the greatest common divisor of 77 and 1617.
77
Calculate the highest common divisor of 2074 and 51.
17
What is the highest common factor of 28 and 56?
28
Calculate the highest common factor of 385 and 110.
55
What is the highest common divisor of 136 and 108?
4
Calculate the highest common divisor of 41 and 1927.
41
What is the highest common factor of 3735 and 45?
45
Calculate the highest common factor of 88 and 40.
8
Calculate the highest common factor of 55 and 88.
11
Calculate the highest common factor of 132 and 396.
132
What is the greatest common factor of 36 and 1548?
36
Calculate the highest common factor of 14514 and 6.
6
Calculate the highest common factor of 68 and 204.
68
Calculate the greatest common factor of 34 and 8432.
34
Calculate the highest common factor of 11 and 1177.
11
Calculate the highest common factor of 252 and 108.
36
Calculate the greatest common factor of 464 and 174.
58
Calculate the highest common factor of 105 and 252.
21
Calculate the highest common factor of 6403 and 19.
19
Calculate the highest common divisor of 16 and 256.
16
Calculate the highest common divisor of 31264 and 64.
32
Calculate the greatest common factor of 4185 and 540.
135
What is the greatest common divisor of 1342 and 44?
22
Calculate the highest common divisor of 1350 and 50.
50
Calculate the highest common divisor of 126 and 28.
14
What is the greatest common divisor of 3 and 197?
1
What is the greatest common divisor of 243 and 477?
9
Calculate the highest common factor of 60 and 42.
6
Calculate the highest common divisor of 8 and 90.
2
Calculate the greatest common divisor of 163 and 30318.
163
What is the highest common divisor of 42 and 854?
14
What is the greatest common divisor of 88 and 12232?
88
Calculate the highest common divisor of 737 and 1541.
67
Calculate the greatest common divisor of 1 and 10.
1
What is the highest common divisor of 24 and 10884?
12
Calculate the greatest common factor of 175 and 35.
35
What is the greatest common divisor of 72 and 88?
8
Calculate the greatest common divisor of 264 and 21.
3
What is the greatest common factor of 1271 and 123?
41
Calculate the greatest common divisor of 473 and 301.
43
What is the greatest common factor of 7472 and 32?
16
What is the highest common factor of 12 and 28?
4
Calculate the highest common factor of 9 and 15.
3
Calculate the highest common factor of 3113 and 849.
283
Calculate the greatest common factor of 19189 and 62.
31
Calculate the greatest common factor of 4669 and 1610.
161
Calculate the greatest common divisor of 3600 and 144.
144
What is the greatest common divisor of 24 and 5784?
24
What is the greatest common divisor of 1680 and 20?
20
Calculate the greatest common divisor of 275 and 75.
25
Calculate the highest common factor of 320 and 10.
10
What is the highest common factor of 15698 and 47?
47
Calculate the greatest common divisor of 488 and 22570.
122
Calculate the highest common factor of 18 and 366.
6
Calculate the greatest common factor of 27 and 6120.
9
Calculate the greatest common factor of 2 and 15.
1
Calculate the greatest common divisor of 504 and 144.
72
What is the highest common factor of 53718 and 42?
42
What is the greatest common divisor of 216 and 12744?
216
Calculate the greatest common factor of 114 and 33.
3
What is the greatest common factor of 217 and 93?
31
Calculate the highest common divisor of 2652 and 68.
68
What is the greatest common factor of 63 and 1869?
21
What is the highest common divisor of 1722 and 21?
21
Calculate the highest common factor of 301 and 63.
7
What is the greatest common factor of 702 and 81?
27
What is the highest common factor of 722 and 114?
38
What is the greatest common factor of 9 and 167?
1
What is the greatest common divisor of 124 and 3596?
124
What is the greatest common divisor of 32 and 16960?
32
What is the highest common factor of 750 and 30?
30
Calculate the highest common factor of 270 and 300.
30
What is the highest common divisor of 28 and 3?
1
What is the highest common divisor of 59 and 1888?
59
Calculate the greatest common divisor of 1744 and 64.
16
What is the greatest common divisor of 57 and 213?
3
What is the greatest common factor of 91 and 39?
13
What is the highest common factor of 140 and 196?
28
Calculate the greatest common divisor of 1086 and 6.
6
What is the highest common factor of 28 and 518?
14
Calculate the greatest common factor of 8 and 2.
2
Calculate the highest common factor of 130 and 130.
130
Calculate the highest common divisor of 147 and 3.
3
Calculate the highest common factor of 1 and 86.
1
What is the highest common divisor of 7 and 10577?
7
Calculate the highest common divisor of 228 and 304.
76
Calculate the highest common factor of 1342 and 44.
22
What is the greatest common factor of 24 and 408?
24
Calculate the highest common factor of 712 and 16.
8
What is the highest common factor of 7 and 1?
1
What is the highest common factor of 4 and 5?
1
Calculate the greatest common factor of 16 and 2320.
16
Calculate the greatest common factor of 9583 and 37.
37
What is the highest common divisor of 585 and 819?
117
Calculate the greatest common divisor of 148 and 1998.
74
Calculate the greatest common divisor of 6 and 10407.
3
What is the highest common divisor of 288 and 1176?
24
Calculate the highest common factor of 30520 and 56.
56
Calculate the highest common factor of 952 and 112.
56
Calculate the highest common factor of 2040 and 96.
24
What is the greatest common divisor of 17850 and 14?
14
Calculate the greatest common divisor of 127 and 3556.
127
What is the highest common divisor of 446 and 28?
2
What is the highest common divisor of 1080 and 234?
18
Calculate the greatest common divisor of 2800 and 50.
50
Calculate the highest common factor of 117 and 52.
13
Calculate the greatest common factor of 814 and 1078.
22
Calculate the greatest common factor of 252 and 16.
4
What is the greatest common divisor of 186 and 682?
62
What is the highest common divisor of 5320 and 7?
7
Calculate the highest common divisor of 742 and 4187.
53
Calculate the highest common divisor of 1872 and 780.
156
What is the greatest common divisor of 864 and 54?
54
What is the highest common factor of 28492 and 68?
68
What is the highest common divisor of 1935 and 7525?
215
What is the greatest common divisor of 36 and 14?
2
What is the highest common factor of 42 and 5712?
42
What is the highest common divisor of 216 and 6192?
72
Calculate the highest common factor of 15 and 80.
5
What is the greatest common divisor of 1 and 43?
1
What is the highest common factor of 294 and 84?
42
What is the greatest common factor of 23 and 2507?
23
Calculate the greatest common factor of 12 and 92.
4
Calculate the highest common factor of 59 and 1180.
59
What is the greatest common divisor of 570 and 1482?
114
What is the greatest common factor of 492 and 12423?
123
What is the greatest common factor of 221 and 117?
13
What is the greatest common divisor of 18 and 24?
6
What is the greatest common divisor of 740 and 60?
20
Calculate the highest common factor of 71 and 1633.
71
Calculate the highest common divisor of 5757 and 57.
57
Calculate the highest common factor of 81 and 1161.
27
Calculate the greatest common divisor of 1581 and 124.
31
Calculate the highest common divisor of 110 and 25850.
110
Calculate the highest common factor of 12024 and 167.
167
What is the highest common divisor of 24 and 10140?
12
Calculate the 